7 and 28920481?
227
Calculate the highest common divisor of 2583 and 53364213.
63
Calculate the greatest common divisor of 31364287 and 53.
53
Calculate the greatest common factor of 2795278 and 470.
94
What is the greatest common divisor of 9144 and 23657560?
1016
Calculate the highest common divisor of 926 and 369554.
2
What is the greatest common divisor of 279 and 7747923?
93
Calculate the greatest common divisor of 31 and 2601386080.
31
What is the greatest common divisor of 16753 and 4730?
11
What is the highest common divisor of 24 and 10036560?
24
Calculate the highest common divisor of 3424138 and 65189.
3431
What is the greatest common divisor of 3559462 and 1070?
214
What is the highest common factor of 645 and 74855?
5
What is the highest common divisor of 15 and 187525?
5
Calculate the highest common factor of 47319382 and 154.
22
Calculate the greatest common divisor of 380101 and 3959.
37
What is the highest common divisor of 1812 and 15967948?
604
What is the greatest common factor of 8308890 and 32490?
1710
What is the greatest common divisor of 5434644 and 84?
12
What is the highest common divisor of 8611438 and 1376?
86
What is the highest common factor of 972 and 183478122?
486
What is the greatest common factor of 777055 and 22301?
29
What is the greatest common factor of 1248 and 603744?
96
What is the greatest common divisor of 190376870 and 30?
10
Calculate the greatest common factor of 32 and 2944055152.
16
Calculate the greatest common divisor of 160 and 633703120.
80
What is the greatest common divisor of 243098 and 6698?
394
Calculate the greatest common divisor of 2089079 and 4284.
17
Calculate the highest common divisor of 1835 and 11105.
5
Calculate the highest common factor of 40501 and 269071.
401
What is the greatest common divisor of 124783050 and 43470?
4830
What is the greatest common divisor of 9557688 and 336?
168
What is the greatest common divisor of 186 and 900490666?
62
What is the highest common divisor of 19302126 and 12?
6
What is the highest common divisor of 39853130 and 202398?
9638
Calculate the highest common factor of 1005 and 2273310.
1005
What is the greatest common divisor of 1170864 and 4844?
692
What is the greatest common divisor of 61986369 and 4437?
1479
What is the highest common factor of 189 and 71057?
7
What is the greatest common factor of 11077 and 239514?
209
What is the greatest common divisor of 4228656 and 51504?
1776
Calculate the greatest common factor of 84067877 and 372.
31
Calculate the greatest common factor of 2016 and 2833488.
1008
Calculate the highest common factor of 1586003 and 18384.
383
What is the highest common factor of 3827890 and 2200?
110
What is the highest common factor of 6115551 and 109743?
699
What is the greatest common divisor of 1192539 and 43059?
93
Calculate the highest common factor of 9319040 and 1152.
128
Calculate the highest common divisor of 25552190 and 6970.
170
Calculate the highest common divisor of 2983478442 and 1932.
966
What is the highest common divisor of 90 and 10289040?
30
Calculate the highest common divisor of 339 and 28439614.
113
Calculate the greatest common factor of 1567544 and 2816.
88
What is the greatest common divisor of 158022 and 56313?
9
Calculate the greatest common factor of 534 and 335959158.
534
Calculate the greatest common divisor of 355433847 and 318.
159
Calculate the highest common factor of 223851 and 89142.
249
What is the highest common divisor of 208 and 33827924?
52
What is the highest common factor of 60 and 713439960?
60
Calculate the highest common divisor of 37099338 and 102.
102
What is the highest common factor of 71496 and 385992?
216
What is the greatest common factor of 6874722 and 324?
18
What is the highest common factor of 5444386 and 127840?
1598
What is the highest common divisor of 26790 and 469090?
10
Calculate the highest common factor of 2259984 and 71708.
788
What is the greatest common divisor of 865331 and 954?
53
Calculate the highest common factor of 715 and 11429600.
65
What is the greatest common divisor of 83962900 and 399?
133
Calculate the highest common factor of 13 and 172725.
1
Calculate the highest common divisor of 5045244 and 3550884.
7116
Calculate the greatest common factor of 80534 and 12.
2
What is the highest common divisor of 39487505 and 571?
571
Calculate the greatest common factor of 22598025 and 4926.
2463
Calculate the greatest common divisor of 263977 and 1011661.
301
What is the greatest common divisor of 610 and 23821415?
305
What is the greatest common divisor of 6 and 40418364?
6
What is the greatest common divisor of 48 and 40244976?
48
Calculate the highest common divisor of 12060300 and 1050.
1050
What is the greatest common factor of 5684 and 6190856?
196
What is the greatest common divisor of 43984614 and 258?
258
What is the highest common factor of 30791397 and 47580?
2379
What is the highest common factor of 79923339 and 27?
9
What is the highest common factor of 25375 and 9819313?
203
Calculate the greatest common divisor of 398434 and 106142.
146
What is the greatest common divisor of 26745312 and 228?
228
Calculate the highest common factor of 17559 and 5310.
9
Calculate the greatest common factor of 1243127000 and 4600.
4600
Calculate the greatest common factor of 6 and 14639652.
6
What is the highest common factor of 20193124 and 7980?
532
Calculate the highest common divisor of 2156 and 5618193.
49
Calculate the highest common divisor of 7723108 and 1095.
73
What is the greatest common factor of 117268 and 3352939?
1543
What is the greatest common factor of 4576361 and 344?
43
Calculate the greatest common divisor of 2070 and 46535670.
2070
What is the highest common factor of 12964180 and 46?
46
Calculate the highest common divisor of 3233929 and 308179.
3901
What is the highest common factor of 3856 and 49204?
4
Calculate the highest common divisor of 248 and 396152.
8
What is the greatest common divisor of 10 and 152235865?
5
Calculate the greatest common factor of 17639897 and 2618.
187
What is the greatest common divisor of 62804 and 508424?
28
Calculate the highest common factor of 15620 and 47223.
11
Calculate the greatest common divisor of 8372 and 60903908.
1196
What is the highest common factor of 2829 and 45470793?
69
What is the highest common divisor of 230511356 and 268?
268
Calculate the greatest common factor of 2009542 and 68404.
698
Calculate the greatest common factor of 14378418 and 68499.
1593
Calculate the highest common factor of 12245541 and 27489.
1617
Calculate the greatest common factor of 291 and 11603819.
97
What is the greatest common divisor of 32 and 1663535216?
16
Calculate the greatest common divisor of 1716 and 14066.
26
What is the highest common factor of 742601 and 82004?
83
What is the highest common divisor of 155952 and 1954454?
722
What is the highest common divisor of 95266 and 61410?
46
Calculate the highest common divisor of 4949364 and 336.
84
What is the highest common divisor of 33953999 and 883?
883
What is the greatest common divisor of 55484 and 21143672?
4268
Calculate the highest common divisor of 1394 and 13921963.
17
What is the greatest common divisor of 969 and 7408260?
51
What is the greatest common divisor of 36480 and 1502330?
190
Calculate the highest common factor of 468 and 27421596.
36
Calculate the greatest common divisor of 3712 and 453664.
32
Calculate the highest common factor of 10015082 and 286.
22
What is the highest common divisor of 41911911 and 14904?
1863
What is the highest common factor of 1145211 and 111?
3
Calculate the greatest common factor of 1515706 and 874.
38
Calculate the highest common divisor of 1445 and 459850.
85
Calculate the highest common divisor of 1381618 and 224.
14
Calculate the greatest common divisor of 5611333478 and 94.
94
Calculate the highest common factor of 1114 and 223921798.
1114
What is the highest common factor of 3162402 and 108?
54
What is the highest common divisor of 2278652348 and 1123?
1123
Calculate the greatest common factor of 1307349 and 250299.
261
What is the greatest common divisor of 7801745 and 1010?
505
What is the highest common divisor of 37633818 and 369?
123
Calculate the highest common divisor of 320 and 